{"id":2043,"date":"2025-10-20T12:12:35","date_gmt":"2025-10-20T15:12:35","guid":{"rendered":"https:\/\/dermaklinic.cl\/?post_type=product&#038;p=2043"},"modified":"2025-12-03T10:51:49","modified_gmt":"2025-12-03T13:51:49","slug":"sun-cushion-spf50-protector-solar-exosoma","status":"publish","type":"product","link":"https:\/\/dermaklinic.cl\/shop\/producto\/sun-cushion-spf50-protector-solar-exosoma\/","title":{"rendered":"Sunshine Cushion SPF50+ &#8211; Protector solar con exosomas"},"content":{"rendered":"<p data-start=\"319\" data-end=\"389\"><strong data-start=\"319\" data-end=\"389\">Cushion solar facial con exosomas, efecto glow y recambio incluido<\/strong><\/p>\n<p data-start=\"391\" data-end=\"803\">Protege, ilumina y cuida tu piel con el\u00a0<strong data-start=\"431\" data-end=\"461\">ASCE Home Care Sun Cushion<\/strong>, un protector solar de nueva generaci\u00f3n que combina\u00a0<strong data-start=\"514\" data-end=\"540\">tecnolog\u00eda de exosomas<\/strong>\u00a0con una\u00a0<strong data-start=\"549\" data-end=\"602\">protecci\u00f3n UVA\/UVB de alto espectro SPF50+ PA++++<\/strong>.<br data-start=\"603\" data-end=\"606\" \/>Dise\u00f1ado para quienes buscan\u00a0<strong data-start=\"635\" data-end=\"676\">comodidad, lujo y resultados visibles<\/strong>, este cushion ofrece una aplicaci\u00f3n uniforme, un acabado radiante y una sensaci\u00f3n de piel fresca y ligera durante todo el d\u00eda.<\/p>\n<p data-start=\"805\" data-end=\"1145\">\ud83d\udc8e\u00a0<strong data-start=\"808\" data-end=\"840\">Incluye su refill (recambio)<\/strong>\u00a0\u2014 viene con\u00a0<strong data-start=\"853\" data-end=\"888\">dos unidades en un solo estuche<\/strong>, para que disfrutes el doble por el mismo valor.<br data-start=\"937\" data-end=\"940\" \/>\ud83c\udf3f\u00a0<strong data-start=\"943\" data-end=\"969\">Sin color ni pigmentos<\/strong>\u00a0\u2014 se adapta perfectamente a todos los tonos de piel, dejando un\u00a0<strong data-start=\"1034\" data-end=\"1057\">efecto glow natural<\/strong>\u00a0y una textura\u00a0<strong data-start=\"1072\" data-end=\"1103\">suave, hidratada y luminosa<\/strong>, sin residuos blancos ni sensaci\u00f3n grasa.<\/p>\n","protected":false},"excerpt":{"rendered":"<p>Cushion solar facial con exosomas, efecto glow y recambio incluido Protege, ilumina y cuida tu piel con el\u00a0ASCE Home Care Sun Cushion, un protector solar de nueva generaci\u00f3n que combina\u00a0tecnolog\u00eda de exosomas\u00a0con una\u00a0protecci\u00f3n UVA\/UVB de alto espectro SPF50+ PA++++.Dise\u00f1ado para quienes buscan\u00a0comodidad, lujo y resultados visibles, este cushion ofrece una aplicaci\u00f3n uniforme, un acabado radiante [&hellip;]<\/p>\n","protected":false},"featured_media":2044,"comment_status":"open","ping_status":"closed","template":"","meta":[],"product_brand":[96],"product_cat":[128],"product_tag":[],"class_list":{"0":"post-2043","1":"product","2":"type-product","3":"status-publish","4":"has-post-thumbnail","6":"product_brand-exocobio","7":"product_cat-protector-solar","9":"first","10":"instock","11":"taxable","12":"shipping-taxable","13":"purchasable","14":"product-type-simple"},"yoast_head":"<!-- This site is optimized with the Yoast SEO plugin v25.6 - https:\/\/yoast.com\/wordpress\/plugins\/seo\/ -->\n<title>Sunshine Cushion SPF50+ - Protector solar con exosomas - Dermaklinic<\/title>\n<meta name=\"robots\" content=\"index, follow, max-snippet:-1, max-image-preview:large, max-video-preview:-1\" \/>\n<link rel=\"canonical\" href=\"https:\/\/dermaklinic.cl\/shop\/producto\/sun-cushion-spf50-protector-solar-exosoma\/\" \/>\n<meta property=\"og:locale\" content=\"es_ES\" \/>\n<meta property=\"og:type\" content=\"article\" \/>\n<meta property=\"og:title\" content=\"Sunshine Cushion SPF50+ - Protector solar con exosomas - Dermaklinic\" \/>\n<meta property=\"og:description\" content=\"Cushion solar facial con exosomas, efecto glow y recambio incluido Protege, ilumina y cuida tu piel con el\u00a0ASCE Home Care Sun Cushion, un protector solar de nueva generaci\u00f3n que combina\u00a0tecnolog\u00eda de exosomas\u00a0con una\u00a0protecci\u00f3n UVA\/UVB de alto espectro SPF50+ PA++++.Dise\u00f1ado para quienes buscan\u00a0comodidad, lujo y resultados visibles, este cushion ofrece una aplicaci\u00f3n uniforme, un acabado radiante [&hellip;]\" \/>\n<meta property=\"og:url\" content=\"https:\/\/dermaklinic.cl\/shop\/producto\/sun-cushion-spf50-protector-solar-exosoma\/\" \/>\n<meta property=\"og:site_name\" content=\"Dermaklinic\" \/>\n<meta property=\"article:modified_time\" content=\"2025-12-03T13:51:49+00:00\" \/>\n<meta property=\"og:image\" content=\"https:\/\/dermaklinic.cl\/shop\/wp-content\/uploads\/2025\/10\/04-1024x1024.png\" \/>\n\t<meta property=\"og:image:width\" content=\"1024\" \/>\n\t<meta property=\"og:image:height\" content=\"1024\" \/>\n\t<meta property=\"og:image:type\" content=\"image\/png\" \/>\n<meta name=\"twitter:card\" content=\"summary_large_image\" \/>\n<meta name=\"twitter:label1\" content=\"Tiempo de lectura\" \/>\n\t<meta name=\"twitter:data1\" content=\"1 minuto\" \/>\n<script type=\"application\/ld+json\" class=\"yoast-schema-graph\">{\"@context\":\"https:\/\/schema.org\",\"@graph\":[{\"@type\":\"WebPage\",\"@id\":\"https:\/\/dermaklinic.cl\/shop\/producto\/sun-cushion-spf50-protector-solar-exosoma\/\",\"url\":\"https:\/\/dermaklinic.cl\/shop\/producto\/sun-cushion-spf50-protector-solar-exosoma\/\",\"name\":\"Sunshine Cushion SPF50+ - Protector solar con exosomas - Dermaklinic\",\"isPartOf\":{\"@id\":\"https:\/\/dermaklinic.cl\/shop\/#website\"},\"primaryImageOfPage\":{\"@id\":\"https:\/\/dermaklinic.cl\/shop\/producto\/sun-cushion-spf50-protector-solar-exosoma\/#primaryimage\"},\"image\":{\"@id\":\"https:\/\/dermaklinic.cl\/shop\/producto\/sun-cushion-spf50-protector-solar-exosoma\/#primaryimage\"},\"thumbnailUrl\":\"https:\/\/dermaklinic.cl\/shop\/wp-content\/uploads\/2025\/10\/04.png\",\"datePublished\":\"2025-10-20T15:12:35+00:00\",\"dateModified\":\"2025-12-03T13:51:49+00:00\",\"breadcrumb\":{\"@id\":\"https:\/\/dermaklinic.cl\/shop\/producto\/sun-cushion-spf50-protector-solar-exosoma\/#breadcrumb\"},\"inLanguage\":\"es\",\"potentialAction\":[{\"@type\":\"ReadAction\",\"target\":[\"https:\/\/dermaklinic.cl\/shop\/producto\/sun-cushion-spf50-protector-solar-exosoma\/\"]}]},{\"@type\":\"ImageObject\",\"inLanguage\":\"es\",\"@id\":\"https:\/\/dermaklinic.cl\/shop\/producto\/sun-cushion-spf50-protector-solar-exosoma\/#primaryimage\",\"url\":\"https:\/\/dermaklinic.cl\/shop\/wp-content\/uploads\/2025\/10\/04.png\",\"contentUrl\":\"https:\/\/dermaklinic.cl\/shop\/wp-content\/uploads\/2025\/10\/04.png\",\"width\":1920,\"height\":1920},{\"@type\":\"BreadcrumbList\",\"@id\":\"https:\/\/dermaklinic.cl\/shop\/producto\/sun-cushion-spf50-protector-solar-exosoma\/#breadcrumb\",\"itemListElement\":[{\"@type\":\"ListItem\",\"position\":1,\"name\":\"Inicio\",\"item\":\"https:\/\/dermaklinic.cl\/shop\/\"},{\"@type\":\"ListItem\",\"position\":2,\"name\":\"Tienda\",\"item\":\"https:\/\/dermaklinic.cl\/shop\/tienda\/\"},{\"@type\":\"ListItem\",\"position\":3,\"name\":\"Sunshine Cushion SPF50+ &#8211; Protector solar con exosomas\"}]},{\"@type\":\"WebSite\",\"@id\":\"https:\/\/dermaklinic.cl\/shop\/#website\",\"url\":\"https:\/\/dermaklinic.cl\/shop\/\",\"name\":\"Dermaklinic\",\"description\":\"\",\"potentialAction\":[{\"@type\":\"SearchAction\",\"target\":{\"@type\":\"EntryPoint\",\"urlTemplate\":\"https:\/\/dermaklinic.cl\/shop\/?s={search_term_string}\"},\"query-input\":{\"@type\":\"PropertyValueSpecification\",\"valueRequired\":true,\"valueName\":\"search_term_string\"}}],\"inLanguage\":\"es\"}]}<\/script>\n<!-- \/ Yoast SEO plugin. -->","yoast_head_json":{"title":"Sunshine Cushion SPF50+ - Protector solar con exosomas - Dermaklinic","robots":{"index":"index","follow":"follow","max-snippet":"max-snippet:-1","max-image-preview":"max-image-preview:large","max-video-preview":"max-video-preview:-1"},"canonical":"https:\/\/dermaklinic.cl\/shop\/producto\/sun-cushion-spf50-protector-solar-exosoma\/","og_locale":"es_ES","og_type":"article","og_title":"Sunshine Cushion SPF50+ - Protector solar con exosomas - Dermaklinic","og_description":"Cushion solar facial con exosomas, efecto glow y recambio incluido Protege, ilumina y cuida tu piel con el\u00a0ASCE Home Care Sun Cushion, un protector solar de nueva generaci\u00f3n que combina\u00a0tecnolog\u00eda de exosomas\u00a0con una\u00a0protecci\u00f3n UVA\/UVB de alto espectro SPF50+ PA++++.Dise\u00f1ado para quienes buscan\u00a0comodidad, lujo y resultados visibles, este cushion ofrece una aplicaci\u00f3n uniforme, un acabado radiante [&hellip;]","og_url":"https:\/\/dermaklinic.cl\/shop\/producto\/sun-cushion-spf50-protector-solar-exosoma\/","og_site_name":"Dermaklinic","article_modified_time":"2025-12-03T13:51:49+00:00","og_image":[{"width":1024,"height":1024,"url":"https:\/\/dermaklinic.cl\/shop\/wp-content\/uploads\/2025\/10\/04-1024x1024.png","type":"image\/png"}],"twitter_card":"summary_large_image","twitter_misc":{"Tiempo de lectura":"1 minuto"},"schema":{"@context":"https:\/\/schema.org","@graph":[{"@type":"WebPage","@id":"https:\/\/dermaklinic.cl\/shop\/producto\/sun-cushion-spf50-protector-solar-exosoma\/","url":"https:\/\/dermaklinic.cl\/shop\/producto\/sun-cushion-spf50-protector-solar-exosoma\/","name":"Sunshine Cushion SPF50+ - Protector solar con exosomas - Dermaklinic","isPartOf":{"@id":"https:\/\/dermaklinic.cl\/shop\/#website"},"primaryImageOfPage":{"@id":"https:\/\/dermaklinic.cl\/shop\/producto\/sun-cushion-spf50-protector-solar-exosoma\/#primaryimage"},"image":{"@id":"https:\/\/dermaklinic.cl\/shop\/producto\/sun-cushion-spf50-protector-solar-exosoma\/#primaryimage"},"thumbnailUrl":"https:\/\/dermaklinic.cl\/shop\/wp-content\/uploads\/2025\/10\/04.png","datePublished":"2025-10-20T15:12:35+00:00","dateModified":"2025-12-03T13:51:49+00:00","breadcrumb":{"@id":"https:\/\/dermaklinic.cl\/shop\/producto\/sun-cushion-spf50-protector-solar-exosoma\/#breadcrumb"},"inLanguage":"es","potentialAction":[{"@type":"ReadAction","target":["https:\/\/dermaklinic.cl\/shop\/producto\/sun-cushion-spf50-protector-solar-exosoma\/"]}]},{"@type":"ImageObject","inLanguage":"es","@id":"https:\/\/dermaklinic.cl\/shop\/producto\/sun-cushion-spf50-protector-solar-exosoma\/#primaryimage","url":"https:\/\/dermaklinic.cl\/shop\/wp-content\/uploads\/2025\/10\/04.png","contentUrl":"https:\/\/dermaklinic.cl\/shop\/wp-content\/uploads\/2025\/10\/04.png","width":1920,"height":1920},{"@type":"BreadcrumbList","@id":"https:\/\/dermaklinic.cl\/shop\/producto\/sun-cushion-spf50-protector-solar-exosoma\/#breadcrumb","itemListElement":[{"@type":"ListItem","position":1,"name":"Inicio","item":"https:\/\/dermaklinic.cl\/shop\/"},{"@type":"ListItem","position":2,"name":"Tienda","item":"https:\/\/dermaklinic.cl\/shop\/tienda\/"},{"@type":"ListItem","position":3,"name":"Sunshine Cushion SPF50+ &#8211; Protector solar con exosomas"}]},{"@type":"WebSite","@id":"https:\/\/dermaklinic.cl\/shop\/#website","url":"https:\/\/dermaklinic.cl\/shop\/","name":"Dermaklinic","description":"","potentialAction":[{"@type":"SearchAction","target":{"@type":"EntryPoint","urlTemplate":"https:\/\/dermaklinic.cl\/shop\/?s={search_term_string}"},"query-input":{"@type":"PropertyValueSpecification","valueRequired":true,"valueName":"search_term_string"}}],"inLanguage":"es"}]}},"_links":{"self":[{"href":"https:\/\/dermaklinic.cl\/shop\/wp-json\/wp\/v2\/product\/2043","targetHints":{"allow":["GET"]}}],"collection":[{"href":"https:\/\/dermaklinic.cl\/shop\/wp-json\/wp\/v2\/product"}],"about":[{"href":"https:\/\/dermaklinic.cl\/shop\/wp-json\/wp\/v2\/types\/product"}],"replies":[{"embeddable":true,"href":"https:\/\/dermaklinic.cl\/shop\/wp-json\/wp\/v2\/comments?post=2043"}],"version-history":[{"count":2,"href":"https:\/\/dermaklinic.cl\/shop\/wp-json\/wp\/v2\/product\/2043\/revisions"}],"predecessor-version":[{"id":2071,"href":"https:\/\/dermaklinic.cl\/shop\/wp-json\/wp\/v2\/product\/2043\/revisions\/2071"}],"wp:featuredmedia":[{"embeddable":true,"href":"https:\/\/dermaklinic.cl\/shop\/wp-json\/wp\/v2\/media\/2044"}],"wp:attachment":[{"href":"https:\/\/dermaklinic.cl\/shop\/wp-json\/wp\/v2\/media?parent=2043"}],"wp:term":[{"taxonomy":"product_brand","embeddable":true,"href":"https:\/\/dermaklinic.cl\/shop\/wp-json\/wp\/v2\/product_brand?post=2043"},{"taxonomy":"product_cat","embeddable":true,"href":"https:\/\/dermaklinic.cl\/shop\/wp-json\/wp\/v2\/product_cat?post=2043"},{"taxonomy":"product_tag","embeddable":true,"href":"https:\/\/dermaklinic.cl\/shop\/wp-json\/wp\/v2\/product_tag?post=2043"}],"curies":[{"name":"wp","href":"https:\/\/api.w.org\/{rel}","templated":true}]}}