{"id":1686,"date":"2025-03-04T17:18:38","date_gmt":"2025-03-04T20:18:38","guid":{"rendered":"https:\/\/dermaklinic.cl\/producto\/upgrade-ar\/"},"modified":"2025-07-18T18:09:55","modified_gmt":"2025-07-18T22:09:55","slug":"upgrade-ar","status":"publish","type":"product","link":"https:\/\/dermaklinic.cl\/shop\/producto\/upgrade-ar\/","title":{"rendered":"Upgrade AR"},"content":{"rendered":"","protected":false},"excerpt":{"rendered":"<p><span data-sheets-root=\"1\">Crema sorbete refrescante que reafirma la piel sensible y sensibilizada de forma inmediata, a medio y largo plazo, corrigiendo las arrugas y calmando las rojeces. Est\u00e1 indicado para personas con piel enrojecida, con ardor o picor o que se est\u00e9n sometiendo a una retinizaci\u00f3n. Es ideal como complemento a tratamientos profesionales de belleza que provoquen sensibilizaci\u00f3n (peelings qu\u00edmicos, l\u00e1seres no ablativos, microneedling, mesoterapia, etc.)<\/span><\/p>\n","protected":false},"featured_media":1606,"comment_status":"closed","ping_status":"closed","template":"","meta":[],"product_brand":[98],"product_cat":[150,154],"product_tag":[],"class_list":{"0":"post-1686","1":"product","2":"type-product","3":"status-publish","4":"has-post-thumbnail","6":"product_brand-sensilis","7":"product_cat-crema","8":"product_cat-manana","9":"pa_marca-sensilis","10":"pa_zona-de-aplicacion-rostro","12":"first","13":"instock","14":"purchasable","15":"product-type-simple"},"yoast_head":"<!-- This site is optimized with the Yoast SEO plugin v25.6 - https:\/\/yoast.com\/wordpress\/plugins\/seo\/ -->\n<title>Upgrade AR - Dermaklinic<\/title>\n<meta name=\"robots\" content=\"index, follow, max-snippet:-1, max-image-preview:large, max-video-preview:-1\" \/>\n<link rel=\"canonical\" href=\"https:\/\/dermaklinic.cl\/shop\/producto\/upgrade-ar\/\" \/>\n<meta property=\"og:locale\" content=\"es_ES\" \/>\n<meta property=\"og:type\" content=\"article\" \/>\n<meta property=\"og:title\" content=\"Upgrade AR - Dermaklinic\" \/>\n<meta property=\"og:description\" content=\"Crema sorbete refrescante que reafirma la piel sensible y sensibilizada de forma inmediata, a medio y largo plazo, corrigiendo las arrugas y calmando las rojeces. Est\u00e1 indicado para personas con piel enrojecida, con ardor o picor o que se est\u00e9n sometiendo a una retinizaci\u00f3n. Es ideal como complemento a tratamientos profesionales de belleza que provoquen sensibilizaci\u00f3n (peelings qu\u00edmicos, l\u00e1seres no ablativos, microneedling, mesoterapia, etc.)\" \/>\n<meta property=\"og:url\" content=\"https:\/\/dermaklinic.cl\/shop\/producto\/upgrade-ar\/\" \/>\n<meta property=\"og:site_name\" content=\"Dermaklinic\" \/>\n<meta property=\"article:modified_time\" content=\"2025-07-18T22:09:55+00:00\" \/>\n<meta property=\"og:image\" content=\"https:\/\/dermaklinic.cl\/shop\/wp-content\/uploads\/2025\/07\/UPGRADEAR_PDR.webp\" \/>\n\t<meta property=\"og:image:width\" content=\"1124\" \/>\n\t<meta property=\"og:image:height\" content=\"1416\" \/>\n\t<meta property=\"og:image:type\" content=\"image\/webp\" \/>\n<meta name=\"twitter:card\" content=\"summary_large_image\" \/>\n<meta name=\"twitter:label1\" content=\"Tiempo de lectura\" \/>\n\t<meta name=\"twitter:data1\" content=\"1 minuto\" \/>\n<script type=\"application\/ld+json\" class=\"yoast-schema-graph\">{\"@context\":\"https:\/\/schema.org\",\"@graph\":[{\"@type\":\"WebPage\",\"@id\":\"https:\/\/dermaklinic.cl\/shop\/producto\/upgrade-ar\/\",\"url\":\"https:\/\/dermaklinic.cl\/shop\/producto\/upgrade-ar\/\",\"name\":\"Upgrade AR - Dermaklinic\",\"isPartOf\":{\"@id\":\"https:\/\/dermaklinic.cl\/shop\/#website\"},\"primaryImageOfPage\":{\"@id\":\"https:\/\/dermaklinic.cl\/shop\/producto\/upgrade-ar\/#primaryimage\"},\"image\":{\"@id\":\"https:\/\/dermaklinic.cl\/shop\/producto\/upgrade-ar\/#primaryimage\"},\"thumbnailUrl\":\"https:\/\/dermaklinic.cl\/shop\/wp-content\/uploads\/2025\/07\/UPGRADEAR_PDR.webp\",\"datePublished\":\"2025-03-04T20:18:38+00:00\",\"dateModified\":\"2025-07-18T22:09:55+00:00\",\"breadcrumb\":{\"@id\":\"https:\/\/dermaklinic.cl\/shop\/producto\/upgrade-ar\/#breadcrumb\"},\"inLanguage\":\"es\",\"potentialAction\":[{\"@type\":\"ReadAction\",\"target\":[\"https:\/\/dermaklinic.cl\/shop\/producto\/upgrade-ar\/\"]}]},{\"@type\":\"ImageObject\",\"inLanguage\":\"es\",\"@id\":\"https:\/\/dermaklinic.cl\/shop\/producto\/upgrade-ar\/#primaryimage\",\"url\":\"https:\/\/dermaklinic.cl\/shop\/wp-content\/uploads\/2025\/07\/UPGRADEAR_PDR.webp\",\"contentUrl\":\"https:\/\/dermaklinic.cl\/shop\/wp-content\/uploads\/2025\/07\/UPGRADEAR_PDR.webp\",\"width\":1124,\"height\":1416},{\"@type\":\"BreadcrumbList\",\"@id\":\"https:\/\/dermaklinic.cl\/shop\/producto\/upgrade-ar\/#breadcrumb\",\"itemListElement\":[{\"@type\":\"ListItem\",\"position\":1,\"name\":\"Inicio\",\"item\":\"https:\/\/dermaklinic.cl\/shop\/\"},{\"@type\":\"ListItem\",\"position\":2,\"name\":\"Tienda\",\"item\":\"https:\/\/dermaklinic.cl\/shop\/tienda\/\"},{\"@type\":\"ListItem\",\"position\":3,\"name\":\"Upgrade AR\"}]},{\"@type\":\"WebSite\",\"@id\":\"https:\/\/dermaklinic.cl\/shop\/#website\",\"url\":\"https:\/\/dermaklinic.cl\/shop\/\",\"name\":\"Dermaklinic\",\"description\":\"\",\"potentialAction\":[{\"@type\":\"SearchAction\",\"target\":{\"@type\":\"EntryPoint\",\"urlTemplate\":\"https:\/\/dermaklinic.cl\/shop\/?s={search_term_string}\"},\"query-input\":{\"@type\":\"PropertyValueSpecification\",\"valueRequired\":true,\"valueName\":\"search_term_string\"}}],\"inLanguage\":\"es\"}]}<\/script>\n<!-- \/ Yoast SEO plugin. -->","yoast_head_json":{"title":"Upgrade AR - Dermaklinic","robots":{"index":"index","follow":"follow","max-snippet":"max-snippet:-1","max-image-preview":"max-image-preview:large","max-video-preview":"max-video-preview:-1"},"canonical":"https:\/\/dermaklinic.cl\/shop\/producto\/upgrade-ar\/","og_locale":"es_ES","og_type":"article","og_title":"Upgrade AR - Dermaklinic","og_description":"Crema sorbete refrescante que reafirma la piel sensible y sensibilizada de forma inmediata, a medio y largo plazo, corrigiendo las arrugas y calmando las rojeces. Est\u00e1 indicado para personas con piel enrojecida, con ardor o picor o que se est\u00e9n sometiendo a una retinizaci\u00f3n. Es ideal como complemento a tratamientos profesionales de belleza que provoquen sensibilizaci\u00f3n (peelings qu\u00edmicos, l\u00e1seres no ablativos, microneedling, mesoterapia, etc.)","og_url":"https:\/\/dermaklinic.cl\/shop\/producto\/upgrade-ar\/","og_site_name":"Dermaklinic","article_modified_time":"2025-07-18T22:09:55+00:00","og_image":[{"width":1124,"height":1416,"url":"https:\/\/dermaklinic.cl\/shop\/wp-content\/uploads\/2025\/07\/UPGRADEAR_PDR.webp","type":"image\/webp"}],"twitter_card":"summary_large_image","twitter_misc":{"Tiempo de lectura":"1 minuto"},"schema":{"@context":"https:\/\/schema.org","@graph":[{"@type":"WebPage","@id":"https:\/\/dermaklinic.cl\/shop\/producto\/upgrade-ar\/","url":"https:\/\/dermaklinic.cl\/shop\/producto\/upgrade-ar\/","name":"Upgrade AR - Dermaklinic","isPartOf":{"@id":"https:\/\/dermaklinic.cl\/shop\/#website"},"primaryImageOfPage":{"@id":"https:\/\/dermaklinic.cl\/shop\/producto\/upgrade-ar\/#primaryimage"},"image":{"@id":"https:\/\/dermaklinic.cl\/shop\/producto\/upgrade-ar\/#primaryimage"},"thumbnailUrl":"https:\/\/dermaklinic.cl\/shop\/wp-content\/uploads\/2025\/07\/UPGRADEAR_PDR.webp","datePublished":"2025-03-04T20:18:38+00:00","dateModified":"2025-07-18T22:09:55+00:00","breadcrumb":{"@id":"https:\/\/dermaklinic.cl\/shop\/producto\/upgrade-ar\/#breadcrumb"},"inLanguage":"es","potentialAction":[{"@type":"ReadAction","target":["https:\/\/dermaklinic.cl\/shop\/producto\/upgrade-ar\/"]}]},{"@type":"ImageObject","inLanguage":"es","@id":"https:\/\/dermaklinic.cl\/shop\/producto\/upgrade-ar\/#primaryimage","url":"https:\/\/dermaklinic.cl\/shop\/wp-content\/uploads\/2025\/07\/UPGRADEAR_PDR.webp","contentUrl":"https:\/\/dermaklinic.cl\/shop\/wp-content\/uploads\/2025\/07\/UPGRADEAR_PDR.webp","width":1124,"height":1416},{"@type":"BreadcrumbList","@id":"https:\/\/dermaklinic.cl\/shop\/producto\/upgrade-ar\/#breadcrumb","itemListElement":[{"@type":"ListItem","position":1,"name":"Inicio","item":"https:\/\/dermaklinic.cl\/shop\/"},{"@type":"ListItem","position":2,"name":"Tienda","item":"https:\/\/dermaklinic.cl\/shop\/tienda\/"},{"@type":"ListItem","position":3,"name":"Upgrade AR"}]},{"@type":"WebSite","@id":"https:\/\/dermaklinic.cl\/shop\/#website","url":"https:\/\/dermaklinic.cl\/shop\/","name":"Dermaklinic","description":"","potentialAction":[{"@type":"SearchAction","target":{"@type":"EntryPoint","urlTemplate":"https:\/\/dermaklinic.cl\/shop\/?s={search_term_string}"},"query-input":{"@type":"PropertyValueSpecification","valueRequired":true,"valueName":"search_term_string"}}],"inLanguage":"es"}]}},"_links":{"self":[{"href":"https:\/\/dermaklinic.cl\/shop\/wp-json\/wp\/v2\/product\/1686","targetHints":{"allow":["GET"]}}],"collection":[{"href":"https:\/\/dermaklinic.cl\/shop\/wp-json\/wp\/v2\/product"}],"about":[{"href":"https:\/\/dermaklinic.cl\/shop\/wp-json\/wp\/v2\/types\/product"}],"replies":[{"embeddable":true,"href":"https:\/\/dermaklinic.cl\/shop\/wp-json\/wp\/v2\/comments?post=1686"}],"version-history":[{"count":4,"href":"https:\/\/dermaklinic.cl\/shop\/wp-json\/wp\/v2\/product\/1686\/revisions"}],"predecessor-version":[{"id":1926,"href":"https:\/\/dermaklinic.cl\/shop\/wp-json\/wp\/v2\/product\/1686\/revisions\/1926"}],"wp:featuredmedia":[{"embeddable":true,"href":"https:\/\/dermaklinic.cl\/shop\/wp-json\/wp\/v2\/media\/1606"}],"wp:attachment":[{"href":"https:\/\/dermaklinic.cl\/shop\/wp-json\/wp\/v2\/media?parent=1686"}],"wp:term":[{"taxonomy":"product_brand","embeddable":true,"href":"https:\/\/dermaklinic.cl\/shop\/wp-json\/wp\/v2\/product_brand?post=1686"},{"taxonomy":"product_cat","embeddable":true,"href":"https:\/\/dermaklinic.cl\/shop\/wp-json\/wp\/v2\/product_cat?post=1686"},{"taxonomy":"product_tag","embeddable":true,"href":"https:\/\/dermaklinic.cl\/shop\/wp-json\/wp\/v2\/product_tag?post=1686"}],"curies":[{"name":"wp","href":"https:\/\/api.w.org\/{rel}","templated":true}]}}