{"id":1190,"date":"2025-01-09T12:57:46","date_gmt":"2025-01-09T15:57:46","guid":{"rendered":"https:\/\/dermaklinic.cl\/producto\/sombrero-uv-50-california\/"},"modified":"2025-08-25T14:38:32","modified_gmt":"2025-08-25T18:38:32","slug":"sombrero-uv-50-california","status":"publish","type":"product","link":"https:\/\/dermaklinic.cl\/shop\/producto\/sombrero-uv-50-california\/","title":{"rendered":"Sombrero UV 50+ California"},"content":{"rendered":"<p>La gorra California UV es perfecta para actividades al aire libre y ofrece protecci\u00f3n solar UPF50+ en un dise\u00f1o liviano y c\u00f3modo. Confeccionada con tejido 100% poliamida, proporciona sensaci\u00f3n de frescor, suavidad y maleabilidad, garantizando el m\u00e1ximo confort. Con un acabado impecable, es ideal para usar con cabello recogido o suelto, adapt\u00e1ndose f\u00e1cilmente a diferentes estilos. Su tejido tecnol\u00f3gico ofrece durabilidad y protecci\u00f3n UV permanente, por lo que es ideal para quienes buscan seguridad y estilo. Ya sea para la playa, paseos o actividades al aire libre, la gorra California UV es una elecci\u00f3n imprescindible.<\/p>\n<p>&#8211; Medidas: ala 8 cm; Circunferencia de 58 cm y ajuste de talla con velcro;<\/p>\n<ul>\n<li>M\u00e1xima protecci\u00f3n permanente FPU50+.<\/li>\n<li>Tejido 100% poliamida.<\/li>\n<li>Espacio para acomodar el cabello recogido.<\/li>\n<li>Cierre de velcro exclusivo UV.LINE.<\/li>\n<\/ul>\n<p>Consejos de lavado y limpieza:<br \/>\nLavar a mano suavemente con agua fr\u00eda y jab\u00f3n neutro. Secar a la sombra.<\/p>\n","protected":false},"excerpt":{"rendered":"<p><span style=\"font-weight: 400;\">El sombrero UV Lyon cuenta con un dise\u00f1o vers\u00e1til combinado con protecci\u00f3n UV, es ligero y agradable al tacto. <\/span><span style=\"font-weight: 400;\">M\u00e1xima protecci\u00f3n UV permanente UPF50+. <\/span><\/p>\n","protected":false},"featured_media":1191,"comment_status":"closed","ping_status":"closed","template":"","meta":[],"product_brand":[99],"product_cat":[151,68,66,71],"product_tag":[],"class_list":{"0":"post-1190","1":"product","2":"type-product","3":"status-publish","4":"has-post-thumbnail","6":"product_brand-uv-line","7":"product_cat-accesorios-de-proteccion-solar","8":"product_cat-mujer","9":"product_cat-seccion","10":"product_cat-sombreros-uv-50","11":"pa_color-arena","12":"pa_color-azul-marino","13":"pa_filtro-filtro-uv","14":"pa_marca-uv-line","15":"pa_seccion-mujer","17":"first","18":"instock","19":"purchasable","20":"product-type-variable"},"yoast_head":"<!-- This site is optimized with the Yoast SEO plugin v25.6 - https:\/\/yoast.com\/wordpress\/plugins\/seo\/ -->\n<title>Sombrero UV 50+ California - Dermaklinic<\/title>\n<meta name=\"robots\" content=\"index, follow, max-snippet:-1, max-image-preview:large, max-video-preview:-1\" \/>\n<link rel=\"canonical\" href=\"https:\/\/dermaklinic.cl\/shop\/producto\/sombrero-uv-50-california\/\" \/>\n<meta property=\"og:locale\" content=\"es_ES\" \/>\n<meta property=\"og:type\" content=\"article\" \/>\n<meta property=\"og:title\" content=\"Sombrero UV 50+ California - Dermaklinic\" \/>\n<meta property=\"og:description\" content=\"El sombrero UV Lyon cuenta con un dise\u00f1o vers\u00e1til combinado con protecci\u00f3n UV, es ligero y agradable al tacto. M\u00e1xima protecci\u00f3n UV permanente UPF50+.\" \/>\n<meta property=\"og:url\" content=\"https:\/\/dermaklinic.cl\/shop\/producto\/sombrero-uv-50-california\/\" \/>\n<meta property=\"og:site_name\" content=\"Dermaklinic\" \/>\n<meta property=\"article:modified_time\" content=\"2025-08-25T18:38:32+00:00\" \/>\n<meta property=\"og:image\" content=\"https:\/\/dermaklinic.cl\/shop\/wp-content\/uploads\/2025\/06\/177595-3500-auto.webp\" \/>\n\t<meta property=\"og:image:width\" content=\"1800\" \/>\n\t<meta property=\"og:image:height\" content=\"1800\" \/>\n\t<meta property=\"og:image:type\" content=\"image\/webp\" \/>\n<meta name=\"twitter:card\" content=\"summary_large_image\" \/>\n<meta name=\"twitter:label1\" content=\"Tiempo de lectura\" \/>\n\t<meta name=\"twitter:data1\" content=\"1 minuto\" \/>\n<script type=\"application\/ld+json\" class=\"yoast-schema-graph\">{\"@context\":\"https:\/\/schema.org\",\"@graph\":[{\"@type\":\"WebPage\",\"@id\":\"https:\/\/dermaklinic.cl\/shop\/producto\/sombrero-uv-50-california\/\",\"url\":\"https:\/\/dermaklinic.cl\/shop\/producto\/sombrero-uv-50-california\/\",\"name\":\"Sombrero UV 50+ California - Dermaklinic\",\"isPartOf\":{\"@id\":\"https:\/\/dermaklinic.cl\/shop\/#website\"},\"primaryImageOfPage\":{\"@id\":\"https:\/\/dermaklinic.cl\/shop\/producto\/sombrero-uv-50-california\/#primaryimage\"},\"image\":{\"@id\":\"https:\/\/dermaklinic.cl\/shop\/producto\/sombrero-uv-50-california\/#primaryimage\"},\"thumbnailUrl\":\"https:\/\/dermaklinic.cl\/shop\/wp-content\/uploads\/2025\/06\/177595-3500-auto.webp\",\"datePublished\":\"2025-01-09T15:57:46+00:00\",\"dateModified\":\"2025-08-25T18:38:32+00:00\",\"breadcrumb\":{\"@id\":\"https:\/\/dermaklinic.cl\/shop\/producto\/sombrero-uv-50-california\/#breadcrumb\"},\"inLanguage\":\"es\",\"potentialAction\":[{\"@type\":\"ReadAction\",\"target\":[\"https:\/\/dermaklinic.cl\/shop\/producto\/sombrero-uv-50-california\/\"]}]},{\"@type\":\"ImageObject\",\"inLanguage\":\"es\",\"@id\":\"https:\/\/dermaklinic.cl\/shop\/producto\/sombrero-uv-50-california\/#primaryimage\",\"url\":\"https:\/\/dermaklinic.cl\/shop\/wp-content\/uploads\/2025\/06\/177595-3500-auto.webp\",\"contentUrl\":\"https:\/\/dermaklinic.cl\/shop\/wp-content\/uploads\/2025\/06\/177595-3500-auto.webp\",\"width\":1800,\"height\":1800},{\"@type\":\"BreadcrumbList\",\"@id\":\"https:\/\/dermaklinic.cl\/shop\/producto\/sombrero-uv-50-california\/#breadcrumb\",\"itemListElement\":[{\"@type\":\"ListItem\",\"position\":1,\"name\":\"Inicio\",\"item\":\"https:\/\/dermaklinic.cl\/shop\/\"},{\"@type\":\"ListItem\",\"position\":2,\"name\":\"Tienda\",\"item\":\"https:\/\/dermaklinic.cl\/shop\/tienda\/\"},{\"@type\":\"ListItem\",\"position\":3,\"name\":\"Sombrero UV 50+ California\"}]},{\"@type\":\"WebSite\",\"@id\":\"https:\/\/dermaklinic.cl\/shop\/#website\",\"url\":\"https:\/\/dermaklinic.cl\/shop\/\",\"name\":\"Dermaklinic\",\"description\":\"\",\"potentialAction\":[{\"@type\":\"SearchAction\",\"target\":{\"@type\":\"EntryPoint\",\"urlTemplate\":\"https:\/\/dermaklinic.cl\/shop\/?s={search_term_string}\"},\"query-input\":{\"@type\":\"PropertyValueSpecification\",\"valueRequired\":true,\"valueName\":\"search_term_string\"}}],\"inLanguage\":\"es\"}]}<\/script>\n<!-- \/ Yoast SEO plugin. -->","yoast_head_json":{"title":"Sombrero UV 50+ California - Dermaklinic","robots":{"index":"index","follow":"follow","max-snippet":"max-snippet:-1","max-image-preview":"max-image-preview:large","max-video-preview":"max-video-preview:-1"},"canonical":"https:\/\/dermaklinic.cl\/shop\/producto\/sombrero-uv-50-california\/","og_locale":"es_ES","og_type":"article","og_title":"Sombrero UV 50+ California - Dermaklinic","og_description":"El sombrero UV Lyon cuenta con un dise\u00f1o vers\u00e1til combinado con protecci\u00f3n UV, es ligero y agradable al tacto. M\u00e1xima protecci\u00f3n UV permanente UPF50+.","og_url":"https:\/\/dermaklinic.cl\/shop\/producto\/sombrero-uv-50-california\/","og_site_name":"Dermaklinic","article_modified_time":"2025-08-25T18:38:32+00:00","og_image":[{"width":1800,"height":1800,"url":"https:\/\/dermaklinic.cl\/shop\/wp-content\/uploads\/2025\/06\/177595-3500-auto.webp","type":"image\/webp"}],"twitter_card":"summary_large_image","twitter_misc":{"Tiempo de lectura":"1 minuto"},"schema":{"@context":"https:\/\/schema.org","@graph":[{"@type":"WebPage","@id":"https:\/\/dermaklinic.cl\/shop\/producto\/sombrero-uv-50-california\/","url":"https:\/\/dermaklinic.cl\/shop\/producto\/sombrero-uv-50-california\/","name":"Sombrero UV 50+ California - Dermaklinic","isPartOf":{"@id":"https:\/\/dermaklinic.cl\/shop\/#website"},"primaryImageOfPage":{"@id":"https:\/\/dermaklinic.cl\/shop\/producto\/sombrero-uv-50-california\/#primaryimage"},"image":{"@id":"https:\/\/dermaklinic.cl\/shop\/producto\/sombrero-uv-50-california\/#primaryimage"},"thumbnailUrl":"https:\/\/dermaklinic.cl\/shop\/wp-content\/uploads\/2025\/06\/177595-3500-auto.webp","datePublished":"2025-01-09T15:57:46+00:00","dateModified":"2025-08-25T18:38:32+00:00","breadcrumb":{"@id":"https:\/\/dermaklinic.cl\/shop\/producto\/sombrero-uv-50-california\/#breadcrumb"},"inLanguage":"es","potentialAction":[{"@type":"ReadAction","target":["https:\/\/dermaklinic.cl\/shop\/producto\/sombrero-uv-50-california\/"]}]},{"@type":"ImageObject","inLanguage":"es","@id":"https:\/\/dermaklinic.cl\/shop\/producto\/sombrero-uv-50-california\/#primaryimage","url":"https:\/\/dermaklinic.cl\/shop\/wp-content\/uploads\/2025\/06\/177595-3500-auto.webp","contentUrl":"https:\/\/dermaklinic.cl\/shop\/wp-content\/uploads\/2025\/06\/177595-3500-auto.webp","width":1800,"height":1800},{"@type":"BreadcrumbList","@id":"https:\/\/dermaklinic.cl\/shop\/producto\/sombrero-uv-50-california\/#breadcrumb","itemListElement":[{"@type":"ListItem","position":1,"name":"Inicio","item":"https:\/\/dermaklinic.cl\/shop\/"},{"@type":"ListItem","position":2,"name":"Tienda","item":"https:\/\/dermaklinic.cl\/shop\/tienda\/"},{"@type":"ListItem","position":3,"name":"Sombrero UV 50+ California"}]},{"@type":"WebSite","@id":"https:\/\/dermaklinic.cl\/shop\/#website","url":"https:\/\/dermaklinic.cl\/shop\/","name":"Dermaklinic","description":"","potentialAction":[{"@type":"SearchAction","target":{"@type":"EntryPoint","urlTemplate":"https:\/\/dermaklinic.cl\/shop\/?s={search_term_string}"},"query-input":{"@type":"PropertyValueSpecification","valueRequired":true,"valueName":"search_term_string"}}],"inLanguage":"es"}]}},"_links":{"self":[{"href":"https:\/\/dermaklinic.cl\/shop\/wp-json\/wp\/v2\/product\/1190","targetHints":{"allow":["GET"]}}],"collection":[{"href":"https:\/\/dermaklinic.cl\/shop\/wp-json\/wp\/v2\/product"}],"about":[{"href":"https:\/\/dermaklinic.cl\/shop\/wp-json\/wp\/v2\/types\/product"}],"replies":[{"embeddable":true,"href":"https:\/\/dermaklinic.cl\/shop\/wp-json\/wp\/v2\/comments?post=1190"}],"version-history":[{"count":1,"href":"https:\/\/dermaklinic.cl\/shop\/wp-json\/wp\/v2\/product\/1190\/revisions"}],"predecessor-version":[{"id":1762,"href":"https:\/\/dermaklinic.cl\/shop\/wp-json\/wp\/v2\/product\/1190\/revisions\/1762"}],"wp:featuredmedia":[{"embeddable":true,"href":"https:\/\/dermaklinic.cl\/shop\/wp-json\/wp\/v2\/media\/1191"}],"wp:attachment":[{"href":"https:\/\/dermaklinic.cl\/shop\/wp-json\/wp\/v2\/media?parent=1190"}],"wp:term":[{"taxonomy":"product_brand","embeddable":true,"href":"https:\/\/dermaklinic.cl\/shop\/wp-json\/wp\/v2\/product_brand?post=1190"},{"taxonomy":"product_cat","embeddable":true,"href":"https:\/\/dermaklinic.cl\/shop\/wp-json\/wp\/v2\/product_cat?post=1190"},{"taxonomy":"product_tag","embeddable":true,"href":"https:\/\/dermaklinic.cl\/shop\/wp-json\/wp\/v2\/product_tag?post=1190"}],"curies":[{"name":"wp","href":"https:\/\/api.w.org\/{rel}","templated":true}]}}